 l(0)?
25
Let z(a) = 4521*a + 4533. Give z(-1).
12
Let b(d) = -4*d**3 + 134*d**2 + 70*d - 40. Calculate b(34).
28
Let s(u) = -u**3 - 62*u**2 - 96*u - 2133. Determine s(-61).
2
Let l(c) = c**3 - 84*c**2 + 469*c - 69. Determine l(78).
9
Let v(q) = q**2 - 149*q + 2901. Calculate v(23).
3
Let k(y) = -y**2 + 32*y + 905. What is k(50)?
5
Let w(j) = -j**3 + 24*j**2 + 84*j - 9. Calculate w(27).
72
Let s(l) = -2*l**3 - 12*l**2 - 68*l - 580. Determine s(-7).
-6
Let n(w) = -w**3 + 8*w**2 + 29*w + 34. Determine n(11).
-10
Let x(c) = c**3 + 29*c**2 + 75*c + 215. Give x(-27).
-352
Let i(c) = -88*c + 1330. Calculate i(15).
10
Let q(l) = -8*l**3 - 4*l**2 + 8*l + 9. Determine q(-2).
41
Let q(j) = 2*j**3 + 10*j**2 - 47*j - 133. Calculate q(-9).
-358
Let o(m) = 7*m**2 - 76*m - 596. Calculate o(-9).
655
Let o(n) = -n**2 + 12*n + 34. Calculate o(-3).
-11
Let m(o) = 6*o**3 - o**2 - 34*o - 32. What is m(-1)?
-5
Let i(v) = v**3 + 25*v**2 - 74*v + 114. What is i(-28)?
-166
Let d(l) = 13*l**2 - 161*l + 28. Determine d(12).
-32
Let v(b) = -4*b**3 - 218*b**2 - 2039*b + 24. Calculate v(-12).
12
Let q(l) = l**2 - 9. Calculate q(-10).
91
Let m(s) = -14*s + 57. Determine m(18).
-195
Let c(j) = 64*j - 1580. Calculate c(25).
20
Let n(x) = 2*x**2 + 41*x - 307. Determine n(-31).
344
Let f(c) = 20*c + 63. What is f(-18)?
-297
Let d(x) = x**2 + 40*x - 131. Give d(3).
-2
Let k(n) = 167*n - 2014. Give k(12).
-10
Let j(l) = -84*l - 2. What is j(0)?
-2
Let h(p) = 2*p**2 - 231*p + 115. What is h(115)?
0
Let x(b) = b**2 + 56*b + 138. Calculate x(-54).
30
Let s(o) = -o**3 - 15*o**2 - 23*o + 7. Give s(-11).
-224
Let d(u) = u**3 - 20*u**2 - 2*u - 13. Calculate d(4).
-277
Let y(f) = -2*f**3 - 3*f**2 - 6*f - 12. What is y(-2)?
4
Let j(v) = -1158*v + 17357. Give j(15).
-13
Let t(l) = -66*l**3 - 2*l**2 + 4*l + 3. Calculate t(1).
-61
Let o(h) = -h**2 + 199*h - 3253. Calculate o(181).
5
Let b(y) = 7*y**2 - 23*y - 54. Calculate b(5).
6
Let u(c) = 5*c**3 - 5*c**2 - 10*c + 22. Give u(2).
22
Let m(k) = 7*k**2 - 122*k - 9. Calculate m(19).
200
Let v(d) = 62*d + 495. Determine v(-5).
185
Let t(h) = -h**3 - 16*h**2 + 56*h - 15. Give t(-19).
4
Let j(i) = i**2 + 12*i - 290. What is j(12)?
-2
Let j(q) = q**3 - 56*q**2 + 162*q - 140. Give j(53).
19
Let a(l) = l**2 + 13*l + 19. What is a(-11)?
-3
Let i(f) = -18*f + 691. Give i(9).
529
Let j(m) = -m**3 - 54*m**2 + 233*m + 9. Calculate j(-58).
-49
Let o(n) = 82*n - 214. Determine o(4).
114
Let a(v) = -2*v + 123. What is a(5)?
113
Let d(w) = -8*w**2 + 982*w - 706. Give d(122).
26
Let c(l) = -4*l**3 + 46*l**2 + 286*l - 2697. Give c(13).
7
Let h(l) = -4*l**3 + 83*l**2 + 25*l - 87. Give h(21).
-3
Let b(j) = -j**3 - 2*j**2 + 34*j - 89. What is b(4)?
-49
Let f(v) = 23*v - 1. Calculate f(9).
206
Let b(s) = -6*s**2 + 170*s - 62. Give b(28).
-6
Let n(r) = -r**2 + 76*r - 1371. Calculate n(44).
37
Let h(t) = -3*t**2 - 146*t - 873. Give h(-7).
2
Let o(x) = -x**3 - 13*x**2 + x + 34. Give o(-13).
21
Let r(b) = -2*b**2 + 35*b - 217. Calculate r(7).
-70
Let i(o) = 3*o**3 - 3*o**2 - 473*o + 1425. Determine i(3).
60
Let h(x) = -436*x + 2690. Give h(6).
74
Let v(z) = -z**3 - 3*z**2 + 422*z + 2080. Determine v(-5).
20
Let n(i) = i**3 - 74*i**2 + 11*i - 902. What is n(74)?
-88
Let y(f) = 40*f**2 + 211*f - 155. Give y(-6).
19
Let h(z) = -z**3 - 11*z**2 + 6*z - 121. What is h(-12)?
-49
Let f(y) = -2*y**2 - 23*y + 61. Determine f(2).
7
Let n(g) = -12*g - 831. Calculate n(-69).
-3
Let o(n) = -n**2 + 3*n + 40. Give o(7).
12
Let f(q) = -465*q - 9226. Give f(-20).
74
Let x(i) = 2*i**2 + 88*i - 337. What is x(-48)?
47
Let g(c) = 4*c**2 - 23*c - 15. What is g(10)?
155
Let f(k) = k**2 + 227*k + 1120. Determine f(-5).
10
Let v(q) = -q**3 + 16*q**2 + 14*q. What is v(-1)?
3
Let g(b) = 24*b - 172. Calculate g(0).
-172
Let n(l) = -l**3 - 24*l**2 - 90*l - 3610. Calculate n(-26).
82
Let k(u) = -u**2 - 26*u + 63. Calculate k(-14).
231
Let u(a) = 2*a**3 - 9*a**2 - 8*a + 51. What is u(6)?
111
Let h(f) = 188*f + 67. What is h(0)?
67
Let t(s) = -22*s + 1545. What is t(71)?
-17
Let u(w) = 39*w**3 + 4*w**2 - 3*w - 3. Give u(2).
319
Let b(k) = 15*k - 16. What is b(2)?
14
Let w(c) = -58*c + 939. Give w(16).
11
Let l(w) = -18*w - 407. What is l(-25)?
43
Let x(v) = -v**3 - 10*v**2 + 60*v - 39. Determine x(-15).
186
Let g(u) = -23*u + 369. What is g(26)?
-229
Let q(b) = -b**3 - 118*b**2 - 355*b - 1160. Determine q(-115).
-10
Let z(s) = 57*s + 516. Determine z(-9).
3
Let k(h) = -14*h**2 + 4*h - 22. What is k(-4)?
-262
Let h(n) = 7*n**2 + 414*n - 790. Determine h(-61).
3
Let z(l) = l**2 - 319*l + 8677. What is z(30)?
7
Let k(a) = -48*a - 2836. Give k(-48).
-532
Let y(t) = -t**3 + 4*t**2 + 24*t - 16. Give y(6).
56
Let q(l) = l**3 - 67*l**2 + 126*l + 23. Calculate q(2).
15
Let v(x) = 4446*x + 62253. Give v(-14).
9
Let s(l) = 3*l**3 + 18*l**2 + 12*l + 16. Calculate s(-5).
31
Let g(q) = -2*q**3 + 86*q**2 - 94*q + 371. Calculate g(42).
-49
Let u(q) = q**2 + 57*q + 326. What is u(-7)?
-24
Let b(f) = -28*f**3 + 3*f**2 - 10*f + 7. Determine b(2).
-225
Let i(a) = 411*a - 4110. Give i(10).
0
Let s(g) = 1950*g + 7790. Calculate s(-4).
-10
Let a(k) = 8*k + 257. Calculate a(-26).
49
Let w(s) = s**3 + 10*s**2 - 4*s + 22. What is w(-8)?
182
Let p(s) = -7*s**2 - 83*s - 24. Calculate p(-12).
-36
Let y(m) = m**2 + 18*m - 567. What is y(16)?
-23
Let i(w) = -1202*w - 3617. Calculate i(-3).
-11
Let q(r) = -2*r**2 - 63*r - 14. Give q(-28).
182
Let z(l) = 81*l**2 + 9*l + 9. Give z(-1).
81
Let q(u) = 4*u + 195. Calculate q(-74).
-101
Let x(f) = f**3 + 46*f**2 - 313*f - 53. What is x(-52)?
-1
Let m(z) = 2*z**2 - 151*z + 567. Calculate m(65).
-798
Let k(z) = -4*z**2 + 122*z - 838. What is k(7)?
-180
Let s(l) = 494*l + 118066. Give s(-239).
0
Let h(b) = 5*b**2 + 99*b + 370. Give h(-4).
54
Let u(k) = -604*k + 30202. Determine u(50).
2
Let v(k) = 3*k**2 - 1918*k + 73599. What is v(41)?
4
Let t(p) = 2*p**2 + 3*p - 841. Determine t(23).
286
Let o(f) = -2*f - 144. Calculate o(-49).
-46
Let a(c) = 2*c**3 + 50*c**2 - c - 26. Give a(-25).
-1
Let c(i) = 2*i**2 + 54*i - 13861. Determine c(71).
55
Let m(y) = -10*y - 241. Give m(-28).
39
Let t(g) = 3*g**2 + 22*g - 108. Determine t(4).
28
Let s(u) = -42*u**2 - 210*u - 19. Calculate s(-5).
-19
Let s(o) = o**2 + 51*o - 1541. Give s(21).
-29
Let x(y) = 3118*y - 74818. Give x(24).
14
Let k(v) = v**3 - 21*v**2 + 52*v - 24. Give k(17).
-296
Let o(i) = -2*i**2 + 186*i + 2997. Give o(107).
1
Let x(c) = 2*c**3 + 21*c**2 - 22*c - 79. Determine x(-11).
42
Let h(x) = -7*x + 37. Calculate h(-14).
135
Let i(a) = 136*a + 715. Calculate i(-6).
-101
Let j(t) = -3*t**2 - 135*t + 12. Calculate j(-45).
12
Let q(o) = -o**2 - 249*o + 1008. Determine q(4).
-4
Let y(b) = -63*b + 66. Calculate y(1).
3
Let f(w) = 33*w**2 + 10*w - 9. Give f(1).
34
Let i(l) = 36*l - 273. What is i(8)?
15
Let n(v) = 3*v**3 + 890*v**2 - 1194*v - 601. Calculate n(-298).
-5
Let l(d) = 1505*d + 7522. Calculate l(-5).
-3
Let s(g) = -g**3 + 127*g**2 - 3278*g + 56. Give s(36).
-16
Let n(m) = -250*m - 3491. What is n(-14)?
9
Let k(h) = 20*h**2 + 225*h + 42. What is k(-13)?
497
Let p(r) = -r - 40. Calculate p(-23).
-17
Let j(c) = -3*c**3 - 30*c**2 - 3*c - 6. Determine j(-10).
24
Let o(b) = -6*b**2 + 92*b + 359. Determine o(-4).
-105
Let k(v) = -16*v + 826. Give k(43).
138
Let y(j) = 24*j**3 + 3*j**2 - 29*j - 31. Determine y(-1).
-23
Let i(u) = -u**3 - 10*u**2 + 13*u. What is i(5)?
-310
Let d(v) = 3*v**3 + 19*v**2 - v - 42. What is d(-6)?
0
Let g(q) = q**2 - 633*q + 57527. Calculate g(110).
-3
Let m(y) = -y**3 - 27*y**2 - 45*y + 62. Give m(-25).
-63
Let y(o) = o**2 - 82*o - 3085. What is y(110)?
-5
Let l(j) = -3*j**3 + 35*j**2 - 131*j + 32. Give l(6).
-142
Let v(a) = 3*a**3 + 203*a**2 + 135*a + 20. Calculate v(-67).
-47
Let v(d) = 29*d - 221. Give v(6).
-47
Let z(b) = 7*b**2 - 355*b + 762. Give z(48).
-150
Let b(v) = -3*v**3 + 43*v**2 + 75*v + 29. Calculate b(16).
-51
Let q(h) = 127*h - 842. Calculate q(7).
47
Let n(y) = -11*y**2 - 191*y - 168. Determine n(-16).
72
Let i(o) = 35*o - 26. Give i(-6).
-236
Let s(o) = -o**3 - 2*o**2 + 23*o - 35. Calculate s(3).
-11
Let d(j) = 67*j + 4. Calculate d(2).
138
Let x(p) = -19*p + 110. What is x(9)?
-61
Let y(d) = -23*d - 546. What is y(-25)?
29
Let s(c) = -2*c**3 + 10*c**2 - 5*c + 8. Calculate s(5).
-17
Let w